c = 4*q - 270 - 0, q - b = 4*c. What are the prime factors of q?
2, 5, 7
Let g(a) = 13*a**2 - 32*a + 50. List the prime factors of g(-16).
2, 5, 389
Let g(x) = -3*x**2 + x + 22. Let f(p) = 4*p**2 - 2*p - 23. Let j(m) = -2*f(m) - 3*g(m). What are the prime factors of j(-9)?
2, 13
Let q(x) = x**2 - 2*x - 2. Let u be q(-2). Let i(n) be the second derivative of -n**4/12 + 4*n**3/3 + 5*n**2/2 - 24*n. What are the prime factors of i(u)?
17
Let i(q) be the first derivative of q**4/2 - 3*q**2/2 + 3*q - 27. Suppose 0 = x - 5*s - 45 + 18, 3*x + s - 1 = 0. List the prime factors of i(x).
13
Suppose -11*q + 10*q + 87 = 0. Suppose 4*p = 37 + q. List the prime factors of p.
31
Suppose -3 = -2*z - 2*n - 1, -n - 29 = -4*z. Let d = 20 + z. Suppose h - d = -0*h. What are the prime factors of h?
2, 13
Let s be (1 + 0)*(-1)/(-3)*0. Suppose -6*c + 299 + 85 = s. What are the prime factors of c?
2
Let p(x) = -2*x + 17. Let s be p(7). Let c = s - -11. Suppose 5*h - c + 39 = 0, -4*h = -2*l + 66. List the prime factors of l.
23
Let g be (-970)/(-15) + 2/(-3). Suppose -2*n - 3*s - 51 = 0, -2*n = -s + 53 + 10. Let x = g + n. List the prime factors of x.
2, 17
Let d(k) = -k**2 - 11*k - 6. Let t(x) = -x**2 - 6*x + 6. Let s be t(-8). Let a be d(s). What are the prime factors of ((-6)/a)/(9/(-222))?
37
Let k(c) = -48*c - 56. What are the prime factors of k(-20)?
2, 113
Let d be ((-2)/(-3))/(12/126). Suppose 459 = 4*v + 79. Suppose v = -2*f + d*f. What are the prime factors of f?
19
Suppose 0 = -3*s + 1 - 16. Let p be s/15 - (-308)/6. Let v = p - 14. List the prime factors of v.
37
Let l = 1120 - 886. What are the prime factors of l?
2, 3, 13
Let b(j) = -9*j**3 + 5*j**2 + 3*j + 3. List the prime factors of b(-3).
2, 3, 47
Let l(s) = -189*s - 60. List the prime factors of l(-7).
3, 421
Let h = 107 - 210. Let z = h + 173. List the prime factors of z.
2, 5, 7
Let z = -14 + 18. Suppose -z*k = -152 + 44. What are the prime factors of k?
3
Let u(a) = 33*a**2 + 17*a + 91. What are the prime factors of u(-9)?
7, 373
Let x = -16 + 13. Let z(s) be the second derivative of s**4/12 + s**3/3 + 2*s**2 - 5*s. List the prime factors of z(x).
7
Let o(p) = -46*p + 9. Let s(t) = -t - 7. Let n be s(-5). What are the prime factors of o(n)?
101
Let o = 6653 - 2979. List the prime factors of o.
2, 11, 167
Suppose 79835 - 311384 = -79*z. List the prime factors of z.
3, 977
Let z(f) = -13*f + 12. Let x be z(-7). Suppose -5*h = x - 323. What are the prime factors of h?
2, 11
Let m(n) = -1. Let a(s) = 2*s**2 - 8*s - 4. Let h(u) = a(u) + 2*m(u). Let f be h(5). Suppose -f*c - 225 = -9*c. List the prime factors of c.
3, 5
Let v(o) = -o + 1. Let s be v(-3). Suppose -26 = -f - 2*g, 3*f + s*g - 3*g - 78 = 0. Let n = f - 14. What are the prime factors of n?
2, 3
List the prime factors of 24/(-32)*1 + 974/8.
11
Let m(h) = 4*h**2 + 2*h + 2. Suppose -8 - 4 = -4*v. Suppose -3*g - 3*j + j - 14 = 0, -v*j - 18 = 3*g. What are the prime factors of m(g)?
2, 7
List the prime factors of (-4)/(-32) + 68989/152.
2, 227
Let u = -9 + 21. Let s = 14 - u. Suppose 2 - 16 = -s*m. List the prime factors of m.
7
Suppose -3*o - 2079 = -3*x, -3*x + 829 + 1258 = 5*o. What are the prime factors of x?
2, 347
Suppose 5*j + 43 - 3 = 0. Let p = -5 - j. Suppose -2*c - 4*u + 23 = 1, -5*u + 35 = p*c. List the prime factors of c.
3, 5
Let y(q) = 662*q + 454. What are the prime factors of y(6)?
2, 2213
Let a(z) = z**2 + 2*z - 6. Let h be a(6). Suppose -k = -q - 10, -3*q - 4*k = 2 + h. Let w = -7 - q. List the prime factors of w.
5
Let u be -2 + (-2)/(-1) - -19. Let n = 85 + -85. Let p = u + n. List the prime factors of p.
19
Let t = -20 + 25. Suppose 0 = -t*o + 3*v + 81 + 30, 3*o + 2*v = 78. List the prime factors of o.
2, 3
Suppose 21*h - 23010 = -5*h. List the prime factors of h.
3, 5, 59
Let t be -5 + 1 - (-25 - -7). Suppose -2*k = -k + 1. Let a = t - k. What are the prime factors of a?
3, 5
Let t be (2/4)/((-4)/(-16)). Suppose s - 7 = -t*x - 2*x, x = s + 3. Suppose 3 - 29 = -x*g. What are the prime factors of g?
13
Suppose p = -2*p. Suppose q + 4 - 9 = p. Suppose -q*d - 4*o = -5*o - 106, -5*o - 2 = -d. List the prime factors of d.
2, 11
Let c(h) = h + 2. Let l be c(-1). Suppose -2*d + l = -15. List the prime factors of d.
2
Let k = 2283 - 242. List the prime factors of k.
13, 157
Suppose -5*v - 16 + 36 = 0. Suppose 2*y + 34 = 2*d, -2*y = -3*d - v*y + 51. What are the prime factors of d?
17
Suppose -2 = -2*x, -4*h + 3*h + 2239 = -x. What are the prime factors of h?
2, 5, 7
Let v = 51 - -1955. What are the prime factors of v?
2, 17, 59
Let p(m) = -166*m**3 + m**2 + 5*m - 1. List the prime factors of p(-2).
1321
Let u = 30 - -327. Suppose -u = -6*b + 3*b. What are the prime factors of b?
7, 17
Suppose 0 = -5*r + 67 + 73. Suppose -2*p - 3*p - 2*f - 47 = 0, -r = 3*p + f. What are the prime factors of (-128)/p + (-16)/72?
2, 7
Suppose -g + v + 303 + 219 = 0, 3*v + 2614 = 5*g. List the prime factors of g.
2, 131
Let s = -452 - -1286. What are the prime factors of s?
2, 3, 139
Let j = -684 + 4140. List the prime factors of j.
2, 3
Suppose 5*x = 6*x + 5*r - 1572, 2*x - r = 3144. List the prime factors of x.
2, 3, 131
Let i(n) = 4*n**2 + 19*n**3 - 2 + 0*n - 5*n**2 + n. List the prime factors of i(2).
2, 37
What are the prime factors of (-710)/(-12) - (203/(-42))/(-29)?
59
Suppose -m = 3*b - 5, -30 - 1 = -4*m - b. Let f be -4*(-4)/m*1. Suppose i - f - 16 = 0. What are the prime factors of i?
2, 3
What are the prime factors of (-51)/(-15) + (-10)/25 - -2141?
2, 67
Suppose 5*v - 31 = 2*o, -2*o + 2*v - 7 - 15 = 0. Let c = 9 + o. List the prime factors of 22/c - 2/2.
3, 7
Let z(v) = -18*v**2. Let u be z(1). Let b = -12 - u. Suppose -2*j + 14 + b = 0. List the prime factors of j.
2, 5
Let k be (0 - 1)/(-1) - -3. Let v = k + 1. Suppose -u = -4*p + 6*p - 23, v*u - 2*p - 91 = 0. What are the prime factors of u?
19
Suppose -y = -3*y - 10. List the prime factors of 1965/25 + (-2)/y.
79
Suppose -7*i - 28*i + 19670 = 0. What are the prime factors of i?
2, 281
Let z = 14 - 19. Let m(q) = q**2 + 8*q + 17. List the prime factors of m(z).
2
What are the prime factors of -1 + (5664/26 - 42/(-273))?
7, 31
Suppose 29*y + 3834 = 83*y. List the prime factors of y.
71
Let k(a) = a**3 + 12*a**2 + 12*a - 23. Let c = -34 - -23. Let z be k(c). What are the prime factors of (-2091)/z + (-3)/2?
2, 3, 5
Let x = 66 - 67. List the prime factors of (x/2)/((-2)/4)*14.
2, 7
Let c be 67 + 9/12*4. Let g be ((-42)/c)/((-6)/20). Suppose 0*z + g*z - 144 = 0. What are the prime factors of z?
2, 3
What are the prime factors of (-1*(-3 - -452))/(-1)?
449
Let o(a) = 3*a**2 - a. Let s be o(1). Suppose 5*y + 7*y - 60 = 0. Suppose 0*i - d = -s*i + 31, -3*i + 40 = y*d. What are the prime factors of i?
3, 5
Let d be (4680/(-273))/(3/(-14)). Let y be 5*1 + (1 - 2). Suppose z = -z - 4*p + d, -y*z + 157 = 5*p. What are the prime factors of z?
2, 19
Let l(q) = 5*q**3 + q**2 + 9*q - 14. Let p(b) = -4*b**3 - 3*b**2 - 8*b + 13. Let r(f) = -3*l(f) - 4*p(f). Let y = 12 + -20. What are the prime factors of r(y)?
2, 7
Suppose 6*k = 4*k + 2*s + 362, -2 = -s. List the prime factors of k.
3, 61
Let a(v) = v**3 - 4*v**2 + 2*v - 3. Let o be a(4). Suppose 0 = u + o*n - 25, -4*u - 8 = -4*n + 12. Suppose 3*t - 89 - 19 = u. What are the prime factors of t?
2, 3
Suppose -380 = 6*s - 2*s. Let a = s + 139. Suppose a + 73 = 3*y. What are the prime factors of y?
3, 13
Let l(g) = -3*g**3 + 3*g**2 + 2*g + 2. Suppose -2 = m - 0. List the prime factors of l(m).
2, 17
Let t = 762 - 633. List the prime factors of t.
3, 43
Let l = 29 - 24. Suppose -3*g = -d + 12, 4*g = l*d - 9 - 7. Suppose -2*f - p + 57 = d, -p + 2 = -3. What are the prime factors of f?
2, 13
Let l = -535 + 1024. What are the prime factors of l?
3, 163
Let z = -15 - -8. Let a(h) = 4*h**2 + 11*h + 20. What are the prime factors of a(z)?
139
Let z(m) = -11*m + 21. Let s be z(-9). Suppose 3*v = -5*v + s. List the prime factors of v.
3, 5
Let g(u) = 13*u**3 + 11*u**2 - u - 3. What are the prime factors of g(5)?
2, 11, 43
Let q(x) = -6*x**3 + x**2 + 2*x - 2. Let r be q(2). Let o = r + 93. What are the prime factors of o?
3, 17
Suppose x = -u + 2*u - 3, 4*x = -5*u + 6. Suppose -2*n - u*v = v - 10, 10 = -5*v. Suppose 0 = 3*s - n - 1. List the prime factors of s.
